8/28 + ((-594)/21)/(-6).
3
Suppose 638*x - 305 = 633*x. Calculate the remainder when 235 is divided by x.
52
Let m(n) = -2*n - 6. What is the remainder when 1*(-4)/20 - (-224)/20 is divided by m(-5)?
3
Let w(t) = 91*t**3 - 2*t**2 + 9*t - 8. What is the remainder when 178 is divided by w(1)?
88
Suppose -40*h = -15*h - 2225. Calculate the remainder when 109 is divided by h.
20
Let i(j) be the third derivative of -j**6/120 - 3*j**5/20 - 4*j**3/3 + 2*j**2. Let f be i(-9). Calculate the remainder when 31 is divided by (-1 - 0)/(f/136).
14
Suppose 5*w + 2*i - 86 = -0*i, -5*i + 15 = 0. Suppose 2*m = -0*r - 2*r + 28, r + 3*m = w. What is the remainder when (40 - 3) + 2 + -3 is divided by r?
10
Suppose 0 = -3*k + 4*k - 30. Let x = -33 + 18. Let n = x - -26. What is the remainder when k is divided by n?
8
Let y(t) = -t**2 - 12*t + 16. Let m be y(-13). Suppose -2*l + 10 = m*l. Suppose l*n - 8 - 202 = 0. Calculate the remainder when n is divided by 27.
24
Let n(t) = -t**2 + 9*t - 6. Suppose -5 - 35 = -5*b. Let d be n(b). Suppose -8 - 16 = -d*k. What is the remainder when k is divided by 7?
5
Let i = -135 + 224. Let j be 114 + (4 - 15/5). Suppose -6*z = -z - j. Calculate the remainder when i is divided by z.
20
What is the remainder when ((-2)/5)/((-29)/10295) is divided by 48?
46
Let y = -2488 + 3557. What is the remainder when y is divided by 16?
13
Suppose -11*f + 12*f = 9. Suppose -n = -35 + f. Calculate the remainder when 99 - (-6 - -1 - -2) is divided by n.
24
Let l = -27 - -25. Let p = 13 + l. Calculate the remainder when 18 is divided by p.
7
Let o(l) = 71*l - 331. What is the remainder when o(7) is divided by 13?
10
Let z(m) = -11*m - 2. Let u be (213 + -3)*(-7)/(-21). Suppose u = 8*x - 26. Calculate the remainder when z(-2) is divided by x.
8
Let j = -4 + -1. Let u = 9 + j. Suppose 83*s - 78 = 77*s + 2*w, 4 = 4*s + 4*w. Calculate the remainder when s is divided by u.
2
Let g(o) = o - 4. Let u be g(9). Suppose 4*n + u*i + 86 = 6*n, n - i - 40 = 0. Calculate the remainder when n is divided by 10.
8
Let d(t) = -2*t - 7. What is the remainder when 0 + (6 - (-150)/5) is divided by d(-10)?
10
Let j = -16 - -21. Suppose -17 = -j*v + 5*t + 118, -v - 2*t + 15 = 0. What is the remainder when 66 is divided by v?
20
Suppose 1912*x + 80 = 1917*x. What is the remainder when 111 is divided by x?
15
Let p(z) = -z. Let y be p(1). Let r(h) = -68*h**3. What is the remainder when r(y) is divided by 35?
33
Suppose z - 83 = 40. What is the remainder when z is divided by 21?
18
Calculate the remainder when (-1*1)/(11 - 9562/868) is divided by 14.
6
Let q(l) = -l**2 + 9*l + 3. Let t be q(9). Suppose 41 = t*v + 5. Suppose 10*r - 322 = 138. What is the remainder when r is divided by v?
10
Let w(t) = 8 - 5*t - 24 + 2*t - 1. What is the remainder when 79 is divided by w(-11)?
15
Let w(n) = n - 1. Let h be w(5). Suppose 2*b - h*t = t + 35, -6 = 2*t. What is the remainder when b is divided by (-5 + 17)/2*2/4?
1
Let r(a) = -3*a + 26. Let c be r(7). Suppose 5*b = -c*x + 310 + 155, b + 5 = 0. Calculate the remainder when x is divided by 25.
23
Let t(m) = 5*m - 13. Let o be t(-9). Let q = o + 98. Calculate the remainder when q is divided by 14.
12
What is the remainder when ((-3)/(-12))/((-3)/6)*-386 is divided by 51?
40
Let b(o) = 2*o**2 - 2*o - 2. Let a be b(2). Let g(r) = 4*r - 1. What is the remainder when 18 is divided by g(a)?
4
Let g(l) = 9*l**2 + 3*l + 1. What is the remainder when 1830/22 - (8 + 1548/(-198)) is divided by g(-2)?
21
Let q(f) = -3*f + 3 - 5*f + 2*f. Let j be q(-5). Suppose -o + j = 2*o. Calculate the remainder when o is divided by 3.
2
Suppose 3*x - 2*g = -533 + 1809, g = 4*x - 1708. Calculate the remainder when x is divided by 54.
50
Suppose -4*l = -0*l - 16. Suppose -4*a - 10 = -2*u, 2*u = -l*a + 1 + 1. Calculate the remainder when 47 is divided by (-2 + 34)/(5 - u).
15
Let r = 489 - 419. Calculate the remainder when r is divided by 13.
5
Suppose 5*n = 44 + 11. Suppose 4*o + 2*v = 4*v + 34, 8 = -o - 5*v. What is the remainder when n is divided by o?
4
Suppose 12*i = -16 + 196. What is the remainder when 208 is divided by i?
13
What is the remainder when 83 is divided by (-1*5/10)/(2/(-124))?
21
Suppose 0 = 6*s - 33 + 21. Suppose 0 = 4*t + 4*g + g - 73, -s*t - 2*g + 38 = 0. Calculate the remainder when t is divided by 3.
1
What is the remainder when (-14)/(-63)*-111*-12 is divided by 27?
26
Suppose -6*u - 207 = -621. Calculate the remainder when u is divided by 10.
9
Suppose -6*m + 10*m - 28 = 0. Let i = -28 - -9. Let j = -6 - i. What is the remainder when j is divided by m?
6
Let o(u) = 2*u + 42. What is the remainder when 187 is divided by o(-5)?
27
Let p = 1153 + -1151. Calculate the remainder when 28 is divided by p.
0
Let q(v) be the second derivative of 13*v**3/3 - 4*v**2 + 4*v. What is the remainder when q(1) is divided by 11?
7
Let h(x) = 9*x + 2. Let j be h(2). Let o(c) = c**3 + 12*c**2 + 9*c + 15. Let k be o(-11). Let l = k - j. Calculate the remainder when 66 is divided by l.
15
Let b(h) = 4*h**2 + 40*h + 21. What is the remainder when b(-12) is divided by 24?
21
Suppose -22*u + 40*u = 432. Let j be (-2)/6 + (-11)/3. Let l(g) = -2*g - 1. What is the remainder when u is divided by l(j)?
3
Suppose 2*p - 291 = -5*j, j + 5*p = -2*j + 186. Let d = 124 + -89. Suppose 65 = 5*a - 5*t, -2*a = a - 5*t - d. What is the remainder when j is divided by a?
12
Let s = 513 - 482. Calculate the remainder when 114 is divided by s.
21
Let a(n) = n + 1. Calculate the remainder when 26 - (-3 - ((-5 - -4) + -5)) is divided by a(5).
5
Suppose 115 = 3*k + a, -4*k + a + 126 = -39. Let n = -10 + 10. Suppose n = -i + 5*i - 84. What is the remainder when k is divided by i?
19
Let i = 121 + 17. Suppose 0 = -2*v - 4*l + 172, -104 = -3*v + 2*l + i. Suppose 25 = x + 4. Calculate the remainder when v is divided by x.
19
Suppose 0 = -29*b + 34*b - 440. Suppose -b = -4*k - 4. Suppose 3*f - 165 - 81 = 0. What is the remainder when f is divided by k?
19
Let p(y) = y**2 - 6*y + 73. Calculate the remainder when p(12) is divided by 25.
20
Suppose 0 = -4*w + 40 - 0. Let k be 4/w - 498/(-30). Suppose k = b - 14. What is the remainder when 121 is divided by b?
28
Suppose -x + 16 = 3*x. Suppose 0 = 4*n - 12 - 4. Suppose -4*w = 0, n*w = -3*z + w + 78. Calculate the remainder when z is divided by x.
2
Let v = 14 - 17. Let f(o) = -28*o + 9. Let m(q) = -q + 1. Let l(a) = f(a) - 3*m(a). Calculate the remainder when l(v) is divided by 21.
18
Let y = 25 - 2. Suppose -f = 19 + y. Let j = -25 - f. What is the remainder when 50 is divided by j?
16
Suppose -4 = -3*o - 10. Let t be 5*(-1 - 1)/o. Calculate the remainder when 32 is divided by t/(15/6) + 9.
10
Let n be -2*(-3 + 4) + 4. Suppose -2*f - 24 + n = 0. Let m(t) = -t**3 - 10*t**2 + 9*t - 8. Calculate the remainder when m(f) is divided by 8.
6
Let w = 1810 + -1384. What is the remainder when w is divided by 11?
8
Suppose -10*j = -5*j - 10. Suppose -3*z - 4*n + 83 = 0, -j*n + 4*n = -2. What is the remainder when z is divided by 11?
7
Suppose -6 = -4*c - 22. Let q(v) = v**3 + 7*v**2 + 7*v - 7. Let b = -67 - -118. Calculate the remainder when b is divided by q(c).
12
Let l(k) = k**3 - 14*k**2 + 18*k - 3. Let u be l(12). What is the remainder when (-13605)/u - 6/(-10) is divided by 37?
34
Let s be 12/(-9)*(-4)/(8/111). Calculate the remainder when s + 3 + (-18)/3 is divided by 12.
11
Let d(n) = -n**3 - n**2 - 3*n. Let r = -24 + 27. Suppose -3*v = -s + 9, -3*s + 4*s = -r*v - 15. Calculate the remainder when d(s) is divided by 7.
6
Let t = 36 + -17. Suppose 7*d = 3*d + 176. Let g = d + 10. Calculate the remainder when g is divided by t.
16
Let p = -17 + 27. Let m(a) = -a**3 + 7*a**2 + a - 1. What is the remainder when m(3) is divided by p?
8
Let w(q) = q - 2. Let s be w(10). Let k(r) = -4*r - 3*r**2 - s + r**2 + r**2 - 6*r. What is the remainder when 31 is divided by k(-8)?
7
Calculate the remainder when 103 is divided by (15/(-9))/(4 + 111/(-27)).
13
What is the remainder when 35 is divided by (-30)/105 + (121/7 - 2)?
5
Let f(d) = 63*d**2 - d. Let l be f(-1). Let y be l/12*3*2. Let w = -17 + y. What is the remainder when 59 is divided by w?
14
Let y(l) = l**2 + 38*l - 206. What is the remainder when y(-44) is divided by 4?
2
Suppose -3*p = -5*p 